 = 8, 4*l + 5 = -f. Let t = 1 + f. Let k(m) = -m**3 + 8*m**2 + 2*m + 8. Let q be k(t). What is the greatest common factor of 60 and q?
12
Let p = 6 - -5. Let t be 218/10 - 1/(-5). Calculate the highest common divisor of t and p.
11
Let p(c) = c**3 - 7*c**2 + 8*c - 9. Let v be p(6). Suppose -3*x - v*b = -18, -3*x + 23 = b + 5. Calculate the highest common factor of 12 and x.
6
Let y(p) = p - 6. Let x be y(6). Let r be (-58)/(-2) + x/(-6). Suppose 5*m - 4*i = r - 4, 2*i = -2*m + 28. Calculate the greatest common divisor of m and 6.
3
Suppose -4*b - 3*o = -o - 64, b + 4*o - 16 = 0. What is the greatest common factor of 2 and b?
2
Suppose 2*g - 4 = -m, 2*g - m = 3*m + 4. Suppose 2*s + 2*l = -3*l - 3, -4*l = -g*s + 24. Calculate the highest common factor of s and 42.
6
Suppose 23 = 2*n + 13. What is the greatest common divisor of 40 and n?
5
Suppose p + 8 = -3*h - 68, 5*p - 5*h = -440. Let l = -29 - p. Calculate the highest common factor of l and 8.
8
Let g(r) = r**2 + 17*r + 11. Let n be g(-17). Calculate the greatest common divisor of 1 and n.
1
Let d be 30/(-2 + 0) - -3. Let w = 20 + d. Let r = 114 + -50. What is the highest common divisor of r and w?
8
Let j be 4*(1 - 3/(-12)). Let i(o) = 3*o + 3. Let q be i(4). What is the highest common divisor of q and j?
5
Suppose 16*s = 15*s + 40. Let j be 2*-5*(-2)/4. Calculate the highest common factor of j and s.
5
Suppose 0*p = p - 24. Let o(m) = 2*m**3 - 3*m**2 - m + 2. Let l be o(2). Calculate the highest common factor of l and p.
4
Let u(r) = 7*r + 1. Let l = 8 + -5. Let f be u(l). Calculate the greatest common divisor of 55 and f.
11
Let o be (-12)/3 + (-19)/(-1). What is the highest common factor of 75 and o?
15
Suppose 2*n - n - h - 144 = 0, -294 = -2*n - 4*h. Calculate the highest common divisor of n and 58.
29
Let l be (-2)/6 + (-10)/(-3). Suppose -2*t + 51 = t + 3*w, 3*t + w = 53. What is the greatest common divisor of t and l?
3
Suppose -n = -0*n - 4*v - 14, -v = -2*n + 7. What is the greatest common factor of 5 and n?
1
Let f be (-4)/5*(-8 + 3). Let x = 7 - f. Let h be ((-2)/x)/(6/(-45)). Calculate the greatest common factor of 30 and h.
5
Suppose -5 + 1 = -2*r. Let u be (-39)/(-3)*1*r. Suppose 5*v + u = a + 2*v, 31 = 2*a + v. What is the highest common divisor of a and 17?
17
Let f = -22 + 39. What is the greatest common factor of f and 68?
17
Suppose -5*j + 3*j + 470 = 0. Calculate the greatest common factor of 47 and j.
47
Suppose -j - f = f - 7, -2*f = -5*j + 23. What is the greatest common divisor of j and 20?
5
Let y be 3/12 - 13/4. Let o(h) = -14*h + 6. Let t be o(y). Calculate the greatest common divisor of t and 6.
6
Suppose 3*o + 22 = -38. Let w be (-3)/(18/o)*3. What is the highest common factor of 110 and w?
10
Let q(p) = p**3 - 3*p**2 + p + 1. Let s be q(3). Let l be (-3*s)/(-2)*5. Calculate the greatest common divisor of 6 and l.
6
Suppose -2*p = -4*p - 6. Let g be -3 + (-1)/(p/(-3)). Let y be (-6)/(-2) + (-180)/g. Calculate the highest common divisor of 6 and y.
6
Let a(h) = h - 4. Let w be a(-7). Let n = 63 + w. Let o = 3 + 10. What is the highest common factor of o and n?
13
Let m be -6 - -6 - (-7 + 1). Calculate the highest common divisor of m and 12.
6
Suppose -233 = -4*i - 2*d - 3*d, -5*i - 3*d + 275 = 0. Let r be 15/(-9) - 2/((-30)/415). What is the highest common factor of r and i?
26
Suppose 2*q - 24 = y, q - 6*q - 5*y = -30. Calculate the greatest common factor of 10 and q.
10
Suppose 0 = -3*t + 173 + 217. Let r = 29 - 16. Calculate the highest common divisor of t and r.
13
Suppose 3*r - 2*j = 138, -2*r + j + 99 = 2*j. Calculate the greatest common divisor of r and 12.
12
Let h be (-265)/(-20) + 6/8. Suppose -2*m + 8 = -5*p - h, 2*p = -4. Let x = 14 + -10. What is the greatest common divisor of m and x?
2
Let u(i) = i + 66. Let v be u(-32). Calculate the greatest common divisor of v and 51.
17
Let k be 126/7 - 0/1. What is the greatest common factor of 2 and k?
2
Suppose 5*q = -83 + 433. Let y = 23 - 9. What is the highest common divisor of y and q?
14
Let l = -2 - -6. Suppose b - 4*y = 7 + 33, -4*y + l = 0. What is the highest common divisor of b and 66?
22
Let u(d) = d**2 - d + 13. Let g be u(0). Let p(z) = 3*z**2 + 9*z + 9. Let k be p(-5). What is the greatest common divisor of k and g?
13
Suppose 2*x = -14 + 24. What is the greatest common factor of x and 1?
1
Let t(s) = -s - 3. Let h be t(-7). Let a be 12 - (h + -2)/2. Calculate the highest common factor of a and 55.
11
Suppose 9*g = 5*g + 616. Let c = 28 + -14. Calculate the greatest common divisor of g and c.
14
Let s = 19 + -3. Suppose -5*a = s + 19. Let c be (-58)/(-4) - a/14. What is the greatest common factor of c and 120?
15
Suppose -4*n + 10 = -2*p, n + n + 5*p - 23 = 0. Let j be (3 - 46/10)/(4/(-90)). Calculate the greatest common divisor of n and j.
4
Let o(b) = b**3 - 9*b**2 + 5*b. Let j be o(11). Calculate the highest common factor of j and 27.
27
Let w(i) = 7*i - 16. Let a be w(6). Calculate the highest common factor of 2 and a.
2
Let k = -8 + 12. Suppose -8*z + 96 = -k*z. What is the highest common divisor of 4 and z?
4
Let v(l) = -3*l**3 - 3*l**3 + 2*l**2 + 5*l**3 + l. Let o be v(2). Let w be 14/2 + o - 0. What is the highest common divisor of w and 27?
9
Suppose 5*k + 3*v = 505, -2*v = 4*k - 352 - 52. Let f = k - 59. What is the highest common factor of 6 and f?
6
Let w be (3 + -14)/(1/(-2)). What is the greatest common divisor of 176 and w?
22
Let z(n) = -n**3 + 6*n**2 + 11*n + 14. Let g be z(7). What is the greatest common divisor of 14 and g?
14
Suppose 114 = 5*s - 2*p, -s + 6*s = -5*p + 135. Calculate the greatest common divisor of 168 and s.
24
Let u = -1 - -5. Suppose 0 = 5*i + 4*t - 42, -4*i + u*t + 9 = -t. What is the greatest common factor of i and 12?
6
Let h(p) be the second derivative of 1/6*p**4 + 0 + p - 7/2*p**2 - p**3. Let a be h(5). Calculate the greatest common factor of a and 26.
13
Suppose -v + 48 = -33. What is the greatest common divisor of 9 and v?
9
Suppose 2*v - 6*v = -56. Calculate the greatest common factor of v and 35.
7
Suppose 19*q - 148 = 23. Calculate the greatest common divisor of 63 and q.
9
Suppose 34 - 138 = -13*n. Let x = -14 + 22. What is the greatest common factor of n and x?
8
Suppose 54 = 2*k - 5*k. Let f be 2 - (k + 1) - 0. Calculate the highest common factor of f and 95.
19
Let r be (-3)/(-3) + 0 + 4. Suppose s + 484 = r*s. What is the greatest common factor of 11 and s?
11
Let l(w) = 13*w**2 - w + 1. Let z = 2 + -1. Let t be l(z). Let c(n) = n + 78. Let y be c(0). Calculate the greatest common divisor of y and t.
13
Let f(m) = 3*m + 30. Let a be f(0). What is the highest common divisor of a and 45?
15
Let h be 71/4 + (-3)/(-12). Let j be (-2)/(272/(-90) - -3). What is the highest common factor of j and h?
18
Suppose 0 = -z - z + 80. Calculate the highest common divisor of 10 and z.
10
Suppose -3*g - t = -197, 5*g + 0*g - 328 = -2*t. Suppose 0 = -5*x + 2*x + g. Calculate the greatest common factor of x and 154.
22
Suppose -o = -3*v - 58, 0*o + 3*v + 101 = 2*o. Calculate the highest common factor of 301 and o.
43
Let b be -3 - 2/(12/39)*-30. What is the highest common divisor of b and 24?
24
Suppose 0*l - 2*l + 8 = 0. Suppose l*a + 1 = -3*j + 11, -a + 5 = 2*j. What is the greatest common factor of j and 18?
2
Let a(d) = -d - 5. Let k = 9 - 19. Let b be a(k). Suppose -3*i = 2*z - b*i - 6, -4*i + 20 = 0. What is the greatest common factor of 64 and z?
8
Suppose 5*f = -7 + 37. Calculate the highest common divisor of 12 and f.
6
Let k(p) = -2*p**2 + 3*p**3 + 6 + 0*p**3 - p + 1 - 2*p**3. Let r be k(5). What is the highest common divisor of r and 11?
11
Suppose -3*q - n = -41, 2*q - 4*n = 7*q - 66. What is the greatest common divisor of 154 and q?
14
Let c = 176 - 128. What is the highest common factor of c and 8?
8
Suppose 2*n - 3*a - 307 = -35, 5*n = 3*a + 671. Calculate the highest common factor of n and 7.
7
Suppose -4*l - 3*i + 68 - 6 = 0, -i = -5*l + 68. What is the greatest common divisor of 14 and l?
14
Let i(u) = -u + 4. Let p be i(0). Suppose 5*f - 65 = -p*t + 2*t, -5*t = -3*f + 39. What is the greatest common divisor of 117 and f?
13
Let g be 3*(2/(-6) + 0). Let y be -1 + 1 + 21 + g. What is the greatest common factor of 20 and y?
20
Let s(o) = -